{"id":45,"date":"2026-04-15T10:47:57","date_gmt":"2026-04-15T08:47:57","guid":{"rendered":"http:\/\/justgotravel.you2.pl\/index.php\/blog\/"},"modified":"2026-04-16T17:04:11","modified_gmt":"2026-04-16T15:04:11","slug":"blog","status":"publish","type":"page","link":"https:\/\/justgotravel.you2.pl\/index.php\/blog\/","title":{"rendered":"Blog"},"content":{"rendered":"\n<div class=\"wp-block-query is-layout-flow wp-block-query-is-layout-flow\"><ul class=\"wp-block-post-template is-layout-flow wp-block-post-template-is-layout-flow\"><li class=\"wp-block-post post-81 post type-post status-publish format-standard hentry category-bez-kategorii\">\n<h2 class=\"wp-block-post-title\">Tokio: Zagubiony w t\u0142umaczeniu i odnaleziony w neonach Shinjuku<\/h2>\n\n<div class=\"wp-block-post-date\"><time datetime=\"2026-04-16T16:43:08+02:00\">2026-04-16<\/time><\/div>\n\n<div class=\"wp-block-post-excerpt\"><p class=\"wp-block-post-excerpt__excerpt\">Je\u015bli my\u015bleli\u015bcie, \u017ce Pary\u017c czy Londyn to metropolie, to Tokio sprawi, \u017ce zmienicie zdanie. To nie jest po prostu miasto \u2013 to osobna planeta. Sp\u0119dzi\u0142em tu tydzie\u0144 i do dzi\u015b pr\u00f3buj\u0119 zrozumie\u0107, jak to mo\u017cliwe, \u017ce 38 milion\u00f3w ludzi \u017cyje w tak idealnym porz\u0105dku. Skrzy\u017cowanie, kt\u00f3re ma w\u0142asny rytm Pierwsze kroki skierowa\u0142em na s\u0142ynne skrzy\u017cowanie<\/p><p class=\"wp-block-post-excerpt__more-text\"><a class=\"wp-block-post-excerpt__more-link\" href=\"https:\/\/justgotravel.you2.pl\/index.php\/2026\/04\/16\/tokio-zagubiony-w-tlumaczeniu-i-odnaleziony-w-neonach-shinjuku\/\">Czytaj dalej&#8230;<\/a><\/p><\/div>\n<\/li><li class=\"wp-block-post post-75 post type-post status-publish format-standard hentry category-bez-kategorii\">\n<h2 class=\"wp-block-post-title\">Bali: Czy wyspa bog\u00f3w to naprawd\u0119 raj na ziemi?<\/h2>\n\n<div class=\"wp-block-post-date\"><time datetime=\"2026-04-16T16:33:38+02:00\">2026-04-16<\/time><\/div>\n\n<div class=\"wp-block-post-excerpt\"><p class=\"wp-block-post-excerpt__excerpt\">O Bali s\u0142ysza\u0142 ka\u017cdy. Zdj\u0119cia hu\u015btawek nad przepa\u015bci\u0105 i idealnie zielonych p\u00f3l ry\u017cowych zalewaj\u0105 internet. Postanowi\u0142em sprawdzi\u0107, czy pod t\u0105 warstw\u0105 filtr\u00f3w kryje si\u0119 co\u015b autentycznego. Sp\u0119dzi\u0142em dwa tygodnie w Ubud i na okolicznych wyspach \u2013 oto moje wra\u017cenia. Ubud \u2013 serce wyspy i ma\u0142pie figle Moja przygoda zacz\u0119\u0142a si\u0119 w Ubud, kulturalnej stolicy wyspy.<\/p><p class=\"wp-block-post-excerpt__more-text\"><a class=\"wp-block-post-excerpt__more-link\" href=\"https:\/\/justgotravel.you2.pl\/index.php\/2026\/04\/16\/bali-czy-wyspa-bogow-to-naprawde-raj-na-ziemi\/\">Czytaj dalej&#8230;<\/a><\/p><\/div>\n<\/li><li class=\"wp-block-post post-69 post type-post status-publish format-standard hentry category-bez-kategorii\">\n<h2 class=\"wp-block-post-title\">Islandia: Kraina lodu, ognia i najdro\u017cszej kawy w moim \u017cyciu<\/h2>\n\n<div class=\"wp-block-post-date\"><time datetime=\"2026-04-16T16:27:14+02:00\">2026-04-16<\/time><\/div>\n\n<div class=\"wp-block-post-excerpt\"><p class=\"wp-block-post-excerpt__excerpt\">Je\u015bli my\u015bleli\u015bcie, \u017ce widzieli\u015bcie ju\u017c wszystko, to znaczy, \u017ce nie byli\u015bcie na Islandii. Ta wyspa to inny \u015bwiat. Dos\u0142ownie. Tutaj ziemia dymi, woda wybucha w g\u00f3r\u0119 pod ci\u015bnieniem, a lodowce powoli sp\u0142ywaj\u0105 do oceanu. Zapraszam na relacj\u0119 z mojej wyprawy dooko\u0142a wyspy drog\u0105 numer 1. Z\u0142oty Kr\u0105g, czyli Islandia w pigu\u0142ce Moja przygoda zacz\u0119\u0142a si\u0119<\/p><p class=\"wp-block-post-excerpt__more-text\"><a class=\"wp-block-post-excerpt__more-link\" href=\"https:\/\/justgotravel.you2.pl\/index.php\/2026\/04\/16\/islandia-kraina-lodu-ognia-i-najdrozszej-kawy-w-moim-zyciu\/\">Czytaj dalej&#8230;<\/a><\/p><\/div>\n<\/li><\/ul><\/div>\n\n\n\n<div class=\"wp-block-query is-layout-flow wp-block-query-is-layout-flow\"><ul class=\"wp-block-post-template is-layout-flow wp-block-post-template-is-layout-flow\"><li class=\"wp-block-post post-81 post type-post status-publish format-standard hentry category-bez-kategorii\">\n<h2 class=\"wp-block-post-title\">Tokio: Zagubiony w t\u0142umaczeniu i odnaleziony w neonach Shinjuku<\/h2>\n\n<div class=\"wp-block-post-date\"><time datetime=\"2026-04-16T16:43:08+02:00\">2026-04-16<\/time><\/div>\n\n<div class=\"wp-block-post-excerpt\"><p class=\"wp-block-post-excerpt__excerpt\">Je\u015bli my\u015bleli\u015bcie, \u017ce Pary\u017c czy Londyn to metropolie, to Tokio sprawi, \u017ce zmienicie zdanie. To nie jest po prostu miasto \u2013 to osobna planeta. Sp\u0119dzi\u0142em tu tydzie\u0144 i do dzi\u015b pr\u00f3buj\u0119 zrozumie\u0107, jak to mo\u017cliwe, \u017ce 38 milion\u00f3w ludzi \u017cyje w tak idealnym porz\u0105dku. Skrzy\u017cowanie, kt\u00f3re ma w\u0142asny rytm Pierwsze kroki skierowa\u0142em na s\u0142ynne skrzy\u017cowanie<\/p><p class=\"wp-block-post-excerpt__more-text\"><a class=\"wp-block-post-excerpt__more-link\" href=\"https:\/\/justgotravel.you2.pl\/index.php\/2026\/04\/16\/tokio-zagubiony-w-tlumaczeniu-i-odnaleziony-w-neonach-shinjuku\/\">Czytaj dalej&#8230;<\/a><\/p><\/div>\n<\/li><li class=\"wp-block-post post-75 post type-post status-publish format-standard hentry category-bez-kategorii\">\n<h2 class=\"wp-block-post-title\">Bali: Czy wyspa bog\u00f3w to naprawd\u0119 raj na ziemi?<\/h2>\n\n<div class=\"wp-block-post-date\"><time datetime=\"2026-04-16T16:33:38+02:00\">2026-04-16<\/time><\/div>\n\n<div class=\"wp-block-post-excerpt\"><p class=\"wp-block-post-excerpt__excerpt\">O Bali s\u0142ysza\u0142 ka\u017cdy. Zdj\u0119cia hu\u015btawek nad przepa\u015bci\u0105 i idealnie zielonych p\u00f3l ry\u017cowych zalewaj\u0105 internet. Postanowi\u0142em sprawdzi\u0107, czy pod t\u0105 warstw\u0105 filtr\u00f3w kryje si\u0119 co\u015b autentycznego. Sp\u0119dzi\u0142em dwa tygodnie w Ubud i na okolicznych wyspach \u2013 oto moje wra\u017cenia. Ubud \u2013 serce wyspy i ma\u0142pie figle Moja przygoda zacz\u0119\u0142a si\u0119 w Ubud, kulturalnej stolicy wyspy.<\/p><p class=\"wp-block-post-excerpt__more-text\"><a class=\"wp-block-post-excerpt__more-link\" href=\"https:\/\/justgotravel.you2.pl\/index.php\/2026\/04\/16\/bali-czy-wyspa-bogow-to-naprawde-raj-na-ziemi\/\">Czytaj dalej&#8230;<\/a><\/p><\/div>\n<\/li><li class=\"wp-block-post post-69 post type-post status-publish format-standard hentry category-bez-kategorii\">\n<h2 class=\"wp-block-post-title\">Islandia: Kraina lodu, ognia i najdro\u017cszej kawy w moim \u017cyciu<\/h2>\n\n<div class=\"wp-block-post-date\"><time datetime=\"2026-04-16T16:27:14+02:00\">2026-04-16<\/time><\/div>\n\n<div class=\"wp-block-post-excerpt\"><p class=\"wp-block-post-excerpt__excerpt\">Je\u015bli my\u015bleli\u015bcie, \u017ce widzieli\u015bcie ju\u017c wszystko, to znaczy, \u017ce nie byli\u015bcie na Islandii. Ta wyspa to inny \u015bwiat. Dos\u0142ownie. Tutaj ziemia dymi, woda wybucha w g\u00f3r\u0119 pod ci\u015bnieniem, a lodowce powoli sp\u0142ywaj\u0105 do oceanu. Zapraszam na relacj\u0119 z mojej wyprawy dooko\u0142a wyspy drog\u0105 numer 1. Z\u0142oty Kr\u0105g, czyli Islandia w pigu\u0142ce Moja przygoda zacz\u0119\u0142a si\u0119<\/p><p class=\"wp-block-post-excerpt__more-text\"><a class=\"wp-block-post-excerpt__more-link\" href=\"https:\/\/justgotravel.you2.pl\/index.php\/2026\/04\/16\/islandia-kraina-lodu-ognia-i-najdrozszej-kawy-w-moim-zyciu\/\">Czytaj dalej&#8230;<\/a><\/p><\/div>\n<\/li><\/ul><\/div>\n\n\n\n<div class=\"wp-block-group\" style=\"padding-top:30px;padding-right:30px;padding-bottom:30px;padding-left:30px\"><div class=\"wp-block-group__inner-container is-layout-flow wp-block-group-is-layout-flow\">\n<div class=\"wp-block-columns is-layout-flex wp-container-core-columns-is-layout-9d6595d7 wp-block-columns-is-layout-flex\">\n<div class=\"wp-block-column is-layout-flow wp-block-column-is-layout-flow\" style=\"flex-basis:50%\">\n<figure class=\"wp-block-image size-full\"><img loading=\"lazy\" decoding=\"async\" width=\"612\" height=\"408\" src=\"http:\/\/justgotravel.you2.pl\/wp-content\/uploads\/2026\/04\/istockphoto-2215493359-612x612-1.jpg\" alt=\"\" class=\"wp-image-82\" srcset=\"https:\/\/justgotravel.you2.pl\/wp-content\/uploads\/2026\/04\/istockphoto-2215493359-612x612-1.jpg 612w, https:\/\/justgotravel.you2.pl\/wp-content\/uploads\/2026\/04\/istockphoto-2215493359-612x612-1-300x200.jpg 300w\" sizes=\"auto, (max-width: 612px) 100vw, 612px\" \/><figcaption class=\"wp-element-caption\">Aerial view of Tokyo cityscape with Fuji mountain in Japan.<\/figcaption><\/figure>\n\n\n\n<div class=\"wp-block-query is-layout-flow wp-block-query-is-layout-flow\"><ul class=\"wp-block-post-template is-layout-flow wp-block-post-template-is-layout-flow\"><li class=\"wp-block-post post-81 post type-post status-publish format-standard hentry category-bez-kategorii\">\n<h2 class=\"wp-block-post-title\">Tokio: Zagubiony w t\u0142umaczeniu i odnaleziony w neonach Shinjuku<\/h2>\n\n<div class=\"wp-block-post-date\"><time datetime=\"2026-04-16T16:43:08+02:00\">2026-04-16<\/time><\/div>\n\n\n<figure class=\"wp-block-image size-large\"><img loading=\"lazy\" decoding=\"async\" width=\"1024\" height=\"682\" src=\"http:\/\/justgotravel.you2.pl\/wp-content\/uploads\/2026\/04\/4ef8396e51e46a3f3a14d162cde46330-1024x682.jpg\" alt=\"\" class=\"wp-image-76\" srcset=\"https:\/\/justgotravel.you2.pl\/wp-content\/uploads\/2026\/04\/4ef8396e51e46a3f3a14d162cde46330-1024x682.jpg 1024w, https:\/\/justgotravel.you2.pl\/wp-content\/uploads\/2026\/04\/4ef8396e51e46a3f3a14d162cde46330-300x200.jpg 300w, https:\/\/justgotravel.you2.pl\/wp-content\/uploads\/2026\/04\/4ef8396e51e46a3f3a14d162cde46330-768x511.jpg 768w, https:\/\/justgotravel.you2.pl\/wp-content\/uploads\/2026\/04\/4ef8396e51e46a3f3a14d162cde46330-1536x1022.jpg 1536w, https:\/\/justgotravel.you2.pl\/wp-content\/uploads\/2026\/04\/4ef8396e51e46a3f3a14d162cde46330-2048x1363.jpg 2048w\" sizes=\"auto, (max-width: 1024px) 100vw, 1024px\" \/><figcaption class=\"wp-element-caption\">pura ulun danu bratan temple in Bali, indonesia.<\/figcaption><\/figure>\n\n<\/li><li class=\"wp-block-post post-75 post type-post status-publish format-standard hentry category-bez-kategorii\">\n<h2 class=\"wp-block-post-title\">Bali: Czy wyspa bog\u00f3w to naprawd\u0119 raj na ziemi?<\/h2>\n\n<div class=\"wp-block-post-date\"><time datetime=\"2026-04-16T16:33:38+02:00\">2026-04-16<\/time><\/div>\n\n\n<figure class=\"wp-block-image size-large\"><img loading=\"lazy\" decoding=\"async\" width=\"1024\" height=\"682\" src=\"http:\/\/justgotravel.you2.pl\/wp-content\/uploads\/2026\/04\/4ef8396e51e46a3f3a14d162cde46330-1024x682.jpg\" alt=\"\" class=\"wp-image-76\" srcset=\"https:\/\/justgotravel.you2.pl\/wp-content\/uploads\/2026\/04\/4ef8396e51e46a3f3a14d162cde46330-1024x682.jpg 1024w, https:\/\/justgotravel.you2.pl\/wp-content\/uploads\/2026\/04\/4ef8396e51e46a3f3a14d162cde46330-300x200.jpg 300w, https:\/\/justgotravel.you2.pl\/wp-content\/uploads\/2026\/04\/4ef8396e51e46a3f3a14d162cde46330-768x511.jpg 768w, https:\/\/justgotravel.you2.pl\/wp-content\/uploads\/2026\/04\/4ef8396e51e46a3f3a14d162cde46330-1536x1022.jpg 1536w, https:\/\/justgotravel.you2.pl\/wp-content\/uploads\/2026\/04\/4ef8396e51e46a3f3a14d162cde46330-2048x1363.jpg 2048w\" sizes=\"auto, (max-width: 1024px) 100vw, 1024px\" \/><figcaption class=\"wp-element-caption\">pura ulun danu bratan temple in Bali, indonesia.<\/figcaption><\/figure>\n\n<\/li><\/ul><\/div>\n<\/div>\n\n\n\n<div class=\"wp-block-column is-layout-flow wp-block-column-is-layout-flow\" style=\"flex-basis:50%\">\n<div class=\"wp-block-query is-layout-flow wp-block-query-is-layout-flow\">\n<figure class=\"wp-block-image size-full\"><img loading=\"lazy\" decoding=\"async\" width=\"786\" height=\"470\" src=\"http:\/\/justgotravel.you2.pl\/wp-content\/uploads\/2026\/04\/zorza-polarna.jpg\" alt=\"\" class=\"wp-image-70\" srcset=\"https:\/\/justgotravel.you2.pl\/wp-content\/uploads\/2026\/04\/zorza-polarna.jpg 786w, https:\/\/justgotravel.you2.pl\/wp-content\/uploads\/2026\/04\/zorza-polarna-300x179.jpg 300w, https:\/\/justgotravel.you2.pl\/wp-content\/uploads\/2026\/04\/zorza-polarna-768x459.jpg 768w\" sizes=\"auto, (max-width: 786px) 100vw, 786px\" \/><\/figure>\n\n\n<ul class=\"wp-block-post-template is-layout-flow wp-block-post-template-is-layout-flow\"><li class=\"wp-block-post post-69 post type-post status-publish format-standard hentry category-bez-kategorii\">\n<h2 class=\"wp-block-post-title\">Islandia: Kraina lodu, ognia i najdro\u017cszej kawy w moim \u017cyciu<\/h2>\n\n<div class=\"wp-block-post-date\"><time datetime=\"2026-04-16T16:27:14+02:00\">2026-04-16<\/time><\/div>\n\n\n<figure class=\"wp-block-image size-full\"><img loading=\"lazy\" decoding=\"async\" width=\"1000\" height=\"667\" src=\"http:\/\/justgotravel.you2.pl\/wp-content\/uploads\/2026\/04\/LWtlbmlhLTM3MzI3MTI1LmpwZyIsInciOjM4NDB9.webp\" alt=\"\" class=\"wp-image-63\" srcset=\"https:\/\/justgotravel.you2.pl\/wp-content\/uploads\/2026\/04\/LWtlbmlhLTM3MzI3MTI1LmpwZyIsInciOjM4NDB9.webp 1000w, https:\/\/justgotravel.you2.pl\/wp-content\/uploads\/2026\/04\/LWtlbmlhLTM3MzI3MTI1LmpwZyIsInciOjM4NDB9-300x200.webp 300w, https:\/\/justgotravel.you2.pl\/wp-content\/uploads\/2026\/04\/LWtlbmlhLTM3MzI3MTI1LmpwZyIsInciOjM4NDB9-768x512.webp 768w\" sizes=\"auto, (max-width: 1000px) 100vw, 1000px\" \/><\/figure>\n\n<\/li><li class=\"wp-block-post post-62 post type-post status-publish format-standard hentry category-bez-kategorii\">\n<h2 class=\"wp-block-post-title\">Safari w Tanzanii: Oko w oko z gepardem i s\u0142o\u0144ce nad Kilimand\u017caro<\/h2>\n\n<div class=\"wp-block-post-date\"><time datetime=\"2026-04-15T11:18:03+02:00\">2026-04-15<\/time><\/div>\n\n\n<figure class=\"wp-block-image size-full\"><img loading=\"lazy\" decoding=\"async\" width=\"1000\" height=\"667\" src=\"http:\/\/justgotravel.you2.pl\/wp-content\/uploads\/2026\/04\/LWtlbmlhLTM3MzI3MTI1LmpwZyIsInciOjM4NDB9.webp\" alt=\"\" class=\"wp-image-63\" srcset=\"https:\/\/justgotravel.you2.pl\/wp-content\/uploads\/2026\/04\/LWtlbmlhLTM3MzI3MTI1LmpwZyIsInciOjM4NDB9.webp 1000w, https:\/\/justgotravel.you2.pl\/wp-content\/uploads\/2026\/04\/LWtlbmlhLTM3MzI3MTI1LmpwZyIsInciOjM4NDB9-300x200.webp 300w, https:\/\/justgotravel.you2.pl\/wp-content\/uploads\/2026\/04\/LWtlbmlhLTM3MzI3MTI1LmpwZyIsInciOjM4NDB9-768x512.webp 768w\" sizes=\"auto, (max-width: 1000px) 100vw, 1000px\" \/><\/figure>\n\n<\/li><\/ul><\/div>\n<\/div>\n<\/div>\n<\/div><\/div>\n","protected":false},"excerpt":{"rendered":"","protected":false},"author":1,"featured_media":0,"parent":0,"menu_order":0,"comment_status":"closed","ping_status":"closed","template":"","meta":{"_kadence_starter_templates_imported_post":false,"_kad_post_transparent":"","_kad_post_title":"","_kad_post_layout":"","_kad_post_sidebar_id":"","_kad_post_content_style":"","_kad_post_vertical_padding":"","_kad_post_feature":"","_kad_post_feature_position":"","_kad_post_header":false,"_kad_post_footer":false,"_kad_post_classname":"","footnotes":""},"class_list":["post-45","page","type-page","status-publish","hentry"],"_links":{"self":[{"href":"https:\/\/justgotravel.you2.pl\/index.php\/wp-json\/wp\/v2\/pages\/45","targetHints":{"allow":["GET"]}}],"collection":[{"href":"https:\/\/justgotravel.you2.pl\/index.php\/wp-json\/wp\/v2\/pages"}],"about":[{"href":"https:\/\/justgotravel.you2.pl\/index.php\/wp-json\/wp\/v2\/types\/page"}],"author":[{"embeddable":true,"href":"https:\/\/justgotravel.you2.pl\/index.php\/wp-json\/wp\/v2\/users\/1"}],"replies":[{"embeddable":true,"href":"https:\/\/justgotravel.you2.pl\/index.php\/wp-json\/wp\/v2\/comments?post=45"}],"version-history":[{"count":5,"href":"https:\/\/justgotravel.you2.pl\/index.php\/wp-json\/wp\/v2\/pages\/45\/revisions"}],"predecessor-version":[{"id":94,"href":"https:\/\/justgotravel.you2.pl\/index.php\/wp-json\/wp\/v2\/pages\/45\/revisions\/94"}],"wp:attachment":[{"href":"https:\/\/justgotravel.you2.pl\/index.php\/wp-json\/wp\/v2\/media?parent=45"}],"curies":[{"name":"wp","href":"https:\/\/api.w.org\/{rel}","templated":true}]}}